et l be (-2)/((-8)/(-6)) + -14*33/(-44). Calculate the highest common divisor of 2763 and l.
9
Let y(i) = i**2 + 19*i + 84. Let o(s) = s**3 + 7*s**2 - 119*s + 2. Let a be o(-15). Let f be y(a). What is the highest common factor of 12 and f?
6
Suppose 52*j + 96 = 46*j. Let t be 148*1 + (-16)/(j/5). Calculate the highest common divisor of t and 34.
17
Let s = 7625 + -7540. Let u(l) = l**3 + 11*l**2 + 7*l + 4. Let g be u(-10). What is the greatest common factor of s and g?
17
Let u = 19471 + -15127. Calculate the highest common factor of u and 120.
24
Let r be 126504/22 - (-4)/(-22). Calculate the highest common factor of 138 and r.
46
Let c be (-2)/(-3) + ((-75673)/(-39) - 12). Let f = c - 1340. What is the highest common factor of 31 and f?
31
Suppose 16616 = -23*u - 1232. Let n = u - -821. Calculate the greatest common divisor of n and 10.
5
Suppose 28 = 32*i - 68. Suppose o - 38 = -2*x, -o + 5*o - 177 = -i*x. What is the greatest common factor of 72 and o?
24
Let r be 6/((-5)/(-15)*3 + 1). Suppose -4*f - 16 - 8 = -r*m, 2*m + 3*f = 33. Calculate the highest common divisor of m and 78.
6
Let q be (90 + 3 + -2)*3/1. Let s = 281 - q. Calculate the greatest common divisor of 60 and s.
4
Suppose 0 = -3*z + 4*z + 2. Let c be z*(-2 - -1) - 61. Let s = 71 + c. What is the greatest common factor of 12 and s?
12
Suppose -186880 = -130*a - 277*a + 115*a. Calculate the highest common factor of 2320 and a.
80
Suppose -m + 4*f + 308 = 3*m, -2*f = 2. Let k(a) = 3*a**2 - 612*a + 152. Let s be k(0). What is the highest common factor of m and s?
76
Let r(o) = -o**3 - 6*o**2 + 15*o + 5. Let h be r(-8). Let i(s) = -40*s**3 + s. Let b be i(-1). Calculate the greatest common factor of b and h.
13
Let j(y) be the second derivative of 5*y**3/6 - 7*y. Let u be j(-4). Let x be 258/14 - u/35. Calculate the greatest common divisor of 171 and x.
19
Let b be (5/(-6))/(((-63)/270)/7). Suppose -b*d + 22*d = -30. What is the highest common factor of 30 and d?
10
Let l = 2532 + -2525. What is the greatest common factor of l and 1841?
7
Let j be (6480/(-64))/27*-232. Calculate the highest common factor of j and 3625.
145
Let w(b) = -b**3 - 21*b**2 - 76*b - 1168. Let p be w(-23). Calculate the greatest common divisor of p and 1794.
78
Let q(x) = 296*x - 2949. Let h be q(28). What is the highest common factor of 1967 and h?
281
Let q = -629 - -649. Suppose 18 = -12*r + 78. Calculate the highest common divisor of q and r.
5
Let y = -25516 + 37615. Suppose -27*k = -1131 - y. What is the greatest common factor of k and 14?
14
Let u(j) = -j**2 + 9*j. Let i be u(6). Let l = 4 + i. Suppose l*c = 9*c + 2015. What is the highest common divisor of 62 and c?
31
Let d(h) = 1550*h**2 - 14*h - 36. Let l be d(-2). What is the highest common factor of l and 144?
144
Let v be ((-1)/((-2)/156))/(68/34). Suppose b - v = -13. What is the highest common factor of 338 and b?
26
Let f be 39/52*(2 - 4/6). Let k(y) = 24*y**3 + y**2 - 2*y + 1. Let s be k(f). Calculate the greatest common divisor of 216 and s.
24
Suppose -5*o - 80 = -5*z, -5*z = -3*o - 46 - 24. Suppose 50 = -4*x + 14, -46 = -5*g - x. What is the highest common divisor of g and z?
11
Suppose -3861 = -59*j + 32*j. Let k be 5/2*22/5. What is the greatest common factor of k and j?
11
Suppose -70*t - 5500 = -5*u - 75*t, -5*t - 4409 = -4*u. Let m = -778 + u. Calculate the greatest common divisor of 57 and m.
19
Let x = 6 + 1. Let t = x + -2. Suppose 11312*g - 22541*g + 11276*g - 235 = 0. What is the highest common factor of g and t?
5
Let v = -95 - -303. Suppose -i + 3*i - 4*r - 62 = 0, 2*i - 50 = -2*r. Let z = i - 11. Calculate the greatest common divisor of z and v.
16
Let r(i) = -i**3 + 4*i**2 + 7*i - 34. Let v be r(15). Let p be v/(-20) + (-3 - 0)/15. Calculate the highest common factor of p and 48.
24
Let l be (-25)/(-9) - 10/(-45). Suppose 0 = -l*q - 3*n + 1050, -7*q + 5*n = -2*q - 1770. Let y = 751 - 707. Calculate the greatest common divisor of y and q.
44
Let t = -3 - -6. Let q(x) = -x**2 - 218*x - 1453. Let z be q(-7). What is the greatest common divisor of t and z?
3
Let n = -451 + 1420. What is the highest common factor of n and 171?
57
Let v = -7496 - -10205. What is the highest common divisor of v and 63?
63
Suppose 46399 - 198863 = -16*v. Calculate the greatest common divisor of v and 13.
13
Let l be (((-15)/(-10))/(-1))/((-3)/14). Suppose l*j + 48 = -j. Let v be (-4)/(-4 - j) - -134. Calculate the highest common divisor of v and 22.
22
Suppose 3*x - v = -15, 2*x + 4*x + 30 = 5*v. Let i be -7 + 26 - (2 + x). Calculate the greatest common divisor of 209 and i.
11
Suppose 0 = 2*w - 4*c + 12, 70*w - 72*w + 16 = 3*c. Let x be w/(-11) - (12 + 831/(-33)). Calculate the highest common divisor of x and 13.
13
Suppose -439 + 153 = -13*f. Suppose 10*o = -o + f. Calculate the greatest common factor of o and 94.
2
Let r be 78720/205 + (8 - 1). Calculate the highest common divisor of 272 and r.
17
Suppose -2*k - q = -2*q, -20 = 5*q. Let j be -9 + 151 + (k - 5). Let n be 14 - (1 - (1 - -1)). Calculate the highest common factor of j and n.
15
Let j = -63 + 68. Suppose 6*l + 38 = j*l. Let u = -12 - l. Calculate the highest common factor of 13 and u.
13
Let t(m) = 2*m**3 - 2*m**2 - 26*m + 59. Let u be t(5). Calculate the highest common factor of 2537 and u.
43
Let t = 30 + -27. Suppose 86 = t*a - 4*q, -3*a - a + 124 = -3*q. Let i = a - 16. Calculate the greatest common factor of 9 and i.
9
Suppose 0 = 4*a + 2*n - 116206, n = 4*a - 51703 - 64530. Calculate the greatest common divisor of 128 and a.
128
Suppose 3*s + 3*x - 5832 = 0, s - 1948 = -15*x + 16*x. What is the greatest common factor of s and 28?
14
Suppose -5*u - l + 27 = 0, -3*u = 26*l - 23*l - 9. Calculate the greatest common factor of 5142 and u.
6
Suppose -4*o = 4*d - 92, 76 = 3*d - 0*o - 4*o. Let p = 145 + -136. What is the highest common factor of p and d?
3
Suppose 27*z - 61200 - 255402 = -259*z. Let w be (123 + 0)*(-11)/(-33). What is the highest common divisor of z and w?
41
Let p be (-14278)/(-55) - (1 - 21/15). Let o = 269 - p. Let n = 17 - 8. What is the greatest common factor of n and o?
9
Let x be (50/4)/5*(24 + -22). Suppose 3*f = -3, f = -4*z - 2*f + 13. Suppose -z*j + 19 = -21. Calculate the highest common factor of x and j.
5
Suppose 4*v + 7*u = 2814, 3*v + 383*u = 380*u + 2124. Calculate the greatest common divisor of 2023 and v.
119
Let y be 0 + 3 + 67 + -14. Let x = y + -31. Calculate the greatest common factor of 25 and x.
25
Let m(c) = 4*c + 14. Let d be m(-3). Suppose w = -d*u + 410, -2*u - 3*w = -196 - 218. Suppose -3*j + u = -93. What is the greatest common divisor of j and 11?
11
Let y(t) = -188*t**3 - 8*t**2 + t + 1. Let b be y(-1). Suppose 0*u - 360 = -5*u. What is the greatest common factor of b and u?
36
Let n(a) = a**3 - 2*a - 11. Let x be n(5). Let i = x - 78. Suppose -64 = -2*h + 2*t, i = h + 4*t - 7*t. Calculate the greatest common divisor of 105 and h.
35
Let t be (12/8)/(-1 + (-9)/(-6)). Suppose -t*i + 6 = 0, 6*i + 85 = 3*x + 2*i. What is the greatest common factor of x and 248?
31
Let m = 10918 + -10874. Calculate the highest common divisor of 4653 and m.
11
Let s be (3/(-18) - (-77670)/36)*(-18)/(-4). Calculate the highest common factor of 36 and s.
12
Let c(d) = d**3 - d**2 - 6*d - 4. Let n be c(-2). Let t be (171/(-114))/(2/n). Calculate the greatest common divisor of t and 3.
3
Let l(i) = -i**3 - 101*i**2 - 389*i - 37. Let r be l(-97). Suppose -3*w = -327 - 78. What is the greatest common factor of w and r?
15
Suppose 0 = -w + 5*c - 2*c - 7, c = -3*w - 1. Let r be -1 + w + 5 + 4. What is the greatest common factor of 21 and r?
7
Let q = 57 - 50. Let j(i) = q*i + 4*i**2 - 3*i**2 + 17 - 8. Let c be j(-6). Calculate the highest common divisor of c and 3.
3
Let p = -8 + 11. Let d = -1095 - -1196. Suppose 8*t = -d + 269. What is the greatest common factor of t and p?
3
Suppose -145*a + 74*a - 4440 = -79*a. Calculate the highest common divisor of 999 and a.
111
Suppose -12*a - 102 + 186 = 0. Suppose -5*c - 10*d + 366 = -a*d, 306 = 4*c - 2*d. Calculate the highest common divisor of c and 12.
3
Suppose 30*c + 564 = 34*c + 5*b, 5*c + 5*b = 700. Calculate the greatest common factor of c and 187.
17
Suppose -85*f - 152*f = -474. Let q(j) = -j**2 - 13*j - 